{"id":57,"date":"2014-04-30T12:35:36","date_gmt":"2014-04-30T16:35:36","guid":{"rendered":"http:\/\/sjccc.ca\/sjeng\/?page_id=57"},"modified":"2023-04-11T11:01:43","modified_gmt":"2023-04-11T15:01:43","slug":"recreation","status":"publish","type":"page","link":"https:\/\/www.sjccc.ca\/sjfre\/?page_id=57","title":{"rendered":"Nos professionels"},"content":{"rendered":"<p><strong><img loading=\"lazy\" decoding=\"async\" class=\"alignright size-full wp-image-464\" src=\"http:\/\/www.rhsjcornwall.com\/sjfre\/wp-content\/uploads\/2014\/04\/sjccc0021.jpg\" alt=\"sjccc002\" width=\"500\" height=\"333\" srcset=\"https:\/\/www.sjccc.ca\/sjfre\/wp-content\/uploads\/2014\/04\/sjccc0021.jpg 500w, https:\/\/www.sjccc.ca\/sjfre\/wp-content\/uploads\/2014\/04\/sjccc0021-300x199.jpg 300w\" sizes=\"auto, (max-width: 500px) 100vw, 500px\" \/><\/strong><\/p>\n<p lang=\"en-CA\"><strong><span style=\"color: #666666;\"><span lang=\"fr-CA\">Physioth\u00e9rapie et ergoth\u00e9rapie<\/span><\/span><\/strong><\/p>\n<p lang=\"en-CA\"><span style=\"color: #666666;\"><span style=\"font-family: Arial, sans-serif;\"><span lang=\"fr-CA\">Les pensionnaires et patients du Centre ont acc\u00e8s \u00e0 une \u00e9quipe de professionnels tels que des ergoth\u00e9rapeutes, des physioth\u00e9rapeutes et leurs assistants. Le Service de th\u00e9rapies fournit des services s\u00fbrs, ax\u00e9s sur la client\u00e8le, en se souciant de l\u2019accessibilit\u00e9 et de l\u2019excellence de ses soins.<\/span><\/span><\/span><\/p>\n<p class=\"western\" lang=\"fr-CA\"><span style=\"color: #666666;\"><b>Soutien spirituel<\/b><\/span><\/p>\n<p class=\"western\"><span style=\"color: #666666;\"><span style=\"font-family: Arial, sans-serif;\"><span lang=\"fr-CA\">Le Service de soutien spirituel du Centre fournit des soins \u00e0 dimension humaine \u00e0 la personne enti\u00e8re, en tenant compte du fait que ses besoins sont d\u2019ordre spirituel, affectif, physique et social. Le personnel de ce service fait partie d\u2019une \u00e9quipe multidisciplinaire de soins de sant\u00e9 et collabore \u00e9troitement avec d\u2019autres soignants afin de rehausser la qualit\u00e9 de vie des pensionnaires et des patients et les soins qui leur sont prodigu\u00e9s.<\/span><\/span><\/span><\/p>\n<p class=\"western\" lang=\"fr-CA\"><span style=\"color: #666666;\"><span style=\"font-family: Arial, sans-serif;\">Services de soutien spirituel<\/span><\/span><\/p>\n<ul>\n<li class=\"western\" lang=\"fr-CA\">Visites<\/li>\n<li>\n<p class=\"western\" lang=\"fr-CA\">Pri\u00e8re<\/p>\n<\/li>\n<li>\n<p class=\"western\" lang=\"fr-CA\">Soutien multiconfessionnel<\/p>\n<\/li>\n<li>\n<p class=\"western\" lang=\"fr-CA\">Rites sacramentels<\/p>\n<\/li>\n<li>\n<p class=\"western\" lang=\"fr-CA\">Groupes de discussion sur la spiritualit\u00e9<\/p>\n<\/li>\n<li>\n<p class=\"western\" lang=\"fr-CA\">Services religieux<\/p>\n<\/li>\n<li>\n<p class=\"western\" lang=\"fr-CA\">Orientation vers des groupes confessionnels<\/p>\n<\/li>\n<\/ul>\n<p lang=\"en-CA\"><strong><span style=\"color: #666666;\"><span lang=\"fr-CA\">R\u00e9cr\u00e9oth\u00e9rapie<\/span><\/span><\/strong><\/p>\n<ul>\n<li>\n<p lang=\"en-CA\"><span lang=\"fr-CA\"><span style=\"color: #666666; font-family: Arial, sans-serif;\">Nous croyons que tous les pensionnaires et patients ont le droit de participer \u00e0 des activit\u00e9s r\u00e9cr\u00e9atives et que ces activit\u00e9s sont essentielles \u00e0 leur sant\u00e9. Cette participation aide les pensionnaires et les patients admis aux soins de longue dur\u00e9e et aux soins continus complexes \u00e0 se r\u00e9tablir. Pour obtenir des pr\u00e9cisions sur nos services r\u00e9cr\u00e9atifs et un calendrier d\u2019activit\u00e9s, consultez la page des <a title=\"Recreation\" href=\"http:\/\/www.rhsjcornwall.com\/sjfre\/?page_id=318\">programmes recr\u00e9atifs<\/a>.<\/span><\/span><\/p>\n<\/li>\n<\/ul>\n<p><strong>\u00a0<\/strong><\/p>\n","protected":false},"excerpt":{"rendered":"<p>Physioth\u00e9rapie et ergoth\u00e9rapie Les pensionnaires et patients du Centre ont acc\u00e8s \u00e0 une \u00e9quipe de professionnels tels que des ergoth\u00e9rapeutes, des physioth\u00e9rapeutes et leurs assistants. Le Service de th\u00e9rapies fournit des services s\u00fbrs, ax\u00e9s sur la client\u00e8le, en se souciant<\/p>\n","protected":false},"author":1,"featured_media":0,"parent":91,"menu_order":2,"comment_status":"closed","ping_status":"closed","template":"","meta":{"_monsterinsights_skip_tracking":false,"_monsterinsights_sitenote_active":false,"_monsterinsights_sitenote_note":"","_monsterinsights_sitenote_category":0,"footnotes":""},"class_list":["post-57","page","type-page","status-publish","hentry","wp-image-borders"],"_links":{"self":[{"href":"https:\/\/www.sjccc.ca\/sjfre\/index.php?rest_route=\/wp\/v2\/pages\/57","targetHints":{"allow":["GET"]}}],"collection":[{"href":"https:\/\/www.sjccc.ca\/sjfre\/index.php?rest_route=\/wp\/v2\/pages"}],"about":[{"href":"https:\/\/www.sjccc.ca\/sjfre\/index.php?rest_route=\/wp\/v2\/types\/page"}],"author":[{"embeddable":true,"href":"https:\/\/www.sjccc.ca\/sjfre\/index.php?rest_route=\/wp\/v2\/users\/1"}],"replies":[{"embeddable":true,"href":"https:\/\/www.sjccc.ca\/sjfre\/index.php?rest_route=%2Fwp%2Fv2%2Fcomments&post=57"}],"version-history":[{"count":22,"href":"https:\/\/www.sjccc.ca\/sjfre\/index.php?rest_route=\/wp\/v2\/pages\/57\/revisions"}],"predecessor-version":[{"id":2177,"href":"https:\/\/www.sjccc.ca\/sjfre\/index.php?rest_route=\/wp\/v2\/pages\/57\/revisions\/2177"}],"up":[{"embeddable":true,"href":"https:\/\/www.sjccc.ca\/sjfre\/index.php?rest_route=\/wp\/v2\/pages\/91"}],"wp:attachment":[{"href":"https:\/\/www.sjccc.ca\/sjfre\/index.php?rest_route=%2Fwp%2Fv2%2Fmedia&parent=57"}],"curies":[{"name":"wp","href":"https:\/\/api.w.org\/{rel}","templated":true}]}}